12 - d**3/6 - 7*d**2. Let r(p) = -p**3 + 2*p**2 + 3*p - 1. Let v be r(3). Calculate w(v).
5
Let m(f) = -f - 2. Let s(w) = -w + 5. Let n be s(9). Give m(n).
2
Let h(l) = -2*l - 2 + 2*l - l. Let b be -1 - -4 - (-32)/(-8). Let w be 1 - b - (-1 + 5). What is h(w)?
0
Let t = -2 - -9. Let o be (t/(-2 - -1))/1. Let i be (-2)/o + (-15)/(-21). Let m(n) = -n + 1. Determine m(i).
0
Let l(u) = u**3 + 10*u**3 - 10*u**3 + 5*u**2 - u + u**2. Suppose 5*g - 1 + 31 = 0. Give l(g).
6
Let a(v) be the third derivative of -v**4/24 - v**3/2 + v**2. Let n = 0 + -4. Determine a(n).
1
Let x be 12/(-2 - -5) + -2. Suppose -5*o + 4 = -11. Suppose -t + o*t - x = 0. Let j(y) = -7*y**2. What is j(t)?
-7
Let a(f) = -3*f**2 + 3*f**2 - 1 + 21*f**3 - 19*f**3 + 2*f**2. Calculate a(-1).
-1
Suppose -4*f - 3*t - 4 = 0, t - 12 = -0*f + 2*f. Let d = f + 7. Let j(s) = s**2 - 2*s - 2. Give j(d).
1
Let k(q) = 10*q - 13*q + 9*q - 11*q**2 + 4 + q**3 + 3*q**2. What is k(7)?
-3
Let v(a) = -a + 4*a - 6*a**2 + 8*a**2. Give v(-2).
2
Suppose d - 3*a - 10 = 0, -d - 2*d = 5*a - 2. Let l(f) = 0*f**2 - d + 4*f**2 + 0*f**3 - f**3 + 2*f**3 - 5*f. Give l(-5).
-4
Let b(s) = s**2 - s + 9. Let d(x) = -x + 1. Let c(k) = 3*k**2 - k + 24. Let o(z) = c(z) + 3*d(z). Let w(u) = 17*b(u) - 6*o(u). Give w(6).
-3
Let d(p) = -p**2 + 2*p + 3. Let c be d(2). Let h(t) = 2*t + 3. What is h(c)?
9
Let m(o) = -15*o**3 - 4*o + 4*o + 7*o**3 + 1. Calculate m(-1).
9
Let k(z) = -6*z**3 + 4*z**2 + 9*z + 10. Let b(o) = 2*o**3 - o**2 - 3*o - 3. Let d(t) = -7*b(t) - 2*k(t). What is d(-2)?
7
Let y(m) be the second derivative of m**4/12 + 2*m**3/3 + 3*m**2/2 + 6*m. What is y(-4)?
3
Let d(w) be the first derivative of w**4/4 + w**3 - w**2/2 + 4*w + 2. Let z be 13/((-39)/12) + (-2)/(-2). Calculate d(z).
7
Let z(q) be the third derivative of -q**5/60 + q**4/6 + 7*q**3/6 + 45*q**2. What is z(6)?
-5
Let b(t) be the second derivative of -t**3/6 + 3*t. Let m(u) = -4*u + 3. Let w(h) = 2*b(h) - m(h). What is w(4)?
5
Let k(v) = v**3 - 6*v**2 + 5*v + 4. Let x = 5 + -3. Suppose -11 = m - 2*m + 2*l, m = -l + x. What is k(m)?
4
Let j(z) be the second derivative of -z**6/120 - z**5/20 + z**4/8 - 2*z**3/3 + z**2/2 + z. Let r(k) be the first derivative of j(k). Calculate r(-4).
0
Let k(d) be the third derivative of -d**6/120 + d**5/60 + d**4/24 - 5*d**2. What is k(-2)?
10
Let p(n) = 3*n**3 + 5*n**2 + 7*n + 5. Let k(y) = -y**2 - y - 1. Let z = 9 + -3. Let f(i) = z*k(i) + p(i). Determine f(1).
2
Let m(z) = 2*z**2 + z - 2. Let k be m(-2). Suppose 5*u = -6 - 14. Let w(p) = 9*p + 6. Let g(d) = 5*d + 3. Let s(c) = u*w(c) + 7*g(c). What is s(k)?
-7
Let s(y) be the third derivative of y**5/120 - y**4/8 - 2*y**3/3 - 3*y**2. Let k(t) be the first derivative of s(t). What is k(7)?
4
Let f = 15 - 11. Suppose -f*o + 8 = -v, 9*o - 4*o + 5 = 5*v. Let c(z) = 0 - 3 + 0 + z. Determine c(v).
1
Suppose -3*s - 5 = 5*n + 2, -2*s - 5*n - 8 = 0. Suppose s = b - 1. Let t(z) = -2*z - 2*z**2 + 3*z**b + 1 - z. Determine t(2).
-1
Let q(s) = s**2 - 11*s - 17. Suppose 4*c = -c, -5*b = 5*c - 65. What is q(b)?
9
Let q(d) = 6 + 2*d - 4*d + d + 0. Let y = -51 - -56. Give q(y).
1
Let o(h) = -4*h**3 - h. Let n = -26 + 27. Calculate o(n).
-5
Let d(c) = 3*c**3 + c - 6*c**3 + 3*c**2 + 4*c**3 - 3. Give d(-3).
-6
Let r(i) be the third derivative of -i**4/24 - i**3 - 2*i**2. Let v = 27 + -42. Let n = v - -9. What is r(n)?
0
Suppose 5*d - 3 = k, 4*d - 9 = 4*k + 3. Let j(u) = u - 3. What is j(d)?
-3
Suppose -u + 2 = j - 6, -j = 5*u - 52. Let w(b) = 7 - b + 9*b**2 - b**3 - u*b**2 + b**2. Determine w(0).
7
Suppose 5*j - 2*v - 9 - 15 = 0, -12 = -2*j + 2*v. Let d(s) = 7*s - j*s - s. What is d(3)?
6
Let s(z) = -z**3 - z**2 + 3. Let u(h) = -h**2 + 7*h + 8. Let x be u(8). Calculate s(x).
3
Let v(a) = -30*a - 30*a + a**3 + 4*a**2 - 2*a**2 + 57*a - 3. Calculate v(-3).
-3
Suppose 2*n - h = 10, 16 = -n + 5*h + 39. Suppose 0 = 5*d + 1 - 11. Let p(o) = -7*o**d + 0*o + 7*o + 2 + 0*o + o**n. Give p(6).
8
Let h(n) = -2*n**2 + 2. Suppose 2 = 4*d - 3*q, -4*d + 5 = -5*q + 7. What is h(d)?
-6
Let r(y) be the second derivative of -y**3/6 + 9*y**2/2 - y. Let a(m) = -m + 5. Let x be a(5). Suppose 0 = -x*f - f. What is r(f)?
9
Suppose -9*w + 5*w = -20. Suppose 2*p = p. Let y(v) = 3*v - 2 + p*v - w*v. Calculate y(-4).
6
Let l(u) = u**3 + 12*u**2 + 11*u + 1. Let w be l(-11). Let t(b) = -b**2 - 5*b + 8. Let r be t(-6). Let c(p) = -3*p**2 + 4*p**2 + 1 - 5*p**r - p. Give c(w).
-4
Let a be (-16)/(-4) + 1/((-4)/40). Let w(y) = -y**2 - 8*y + 5. Give w(a).
17
Suppose -k - 7 = -2*z, -3*z = -0*z - 4*k - 18. Let g(a) = 2 - 2*a**2 + 4*a**z - 2 + 3*a. Calculate g(-2).
2
Let l(o) = -6*o**2 - o + 1. Let u be l(1). Let t(k) = -k**3 - 7*k**2 - 6*k + 5. Calculate t(u).
5
Let u(b) = 9 - 21 - b + 9. Give u(5).
-8
Let y be (-63)/(-13) + (-24)/(-156). Suppose 0 = y*k - 6*k + 2. Let l(c) = -c**2 - 1. Determine l(k).
-5
Let f(t) be the third derivative of -t**4/24 - t**3/6 - 56*t**2. Calculate f(-6).
5
Let k be (-4)/(-16)*4 + -2. Let a be k + (-5)/((-10)/16). Let q(h) = -h**3 + 8*h**2 - 8*h + 10. Calculate q(a).
3
Let p(z) be the third derivative of -z**3 + 1/3*z**4 - 3*z**2 + 0*z - 1/60*z**5 + 0. Calculate p(6).
6
Let z(r) = r**2 - 4 - 4 + 4*r + 1. Let p = -17 + 12. Give z(p).
-2
Let l(i) = -i. Let d(a) = -3*a + 3. Let n(w) = d(w) - 4*l(w). Suppose -3*v = -k + 6*k + 12, k + 3 = 0. Suppose c + 2 = -v. Give n(c).
0
Let q(r) = -5*r + 2. Let c(a) = 9*a - 3. Let k(z) = 6*c(z) + 11*q(z). Give k(-5).
9
Let c be (2/5)/(2/(-10)). Let g be 12/c + -1 + 2. Let n = -1 - g. Let j(y) = -2*y + 3. Give j(n).
-5
Suppose 0*y + 3*y - 3*u = -3, -5*u - 27 = 3*y. Let g(z) = -z**3 - 4*z**2 - z - 3. Let x be g(y). Let r(q) = 7*q - 2*q + 2*q - 1. Calculate r(x).
6
Let o(p) be the second derivative of p**4/12 + p**3/3 + p**2 - p. Determine o(-4).
10
Let c(i) = -2*i + 10. Let y(a) = -3*a + 11. Let q(v) = -5*c(v) + 4*y(v). Give q(-8).
10
Suppose s = 3 + 2. Let t(a) = a**2 - 5*a + 3. Let n be t(s). Let f(d) = 2*d - 3. Give f(n).
3
Let u be ((-3 + 0)/(-9))/(4/24). Let h(c) be the first derivative of c - 3 + 1/2*c**u. Determine h(5).
6
Let h(x) = x**2 + 3*x + 2*x + x - 7 - 2*x**2. Calculate h(6).
-7
Suppose -5*u = g + 4, 5*g + 0*g - 4*u - 38 = 0. Let s(o) = -o**2 + 8*o - 1. Determine s(g).
11
Let z be 1 - (1/1 - 0). Let p(h) = -h**2 + 3*h + 1. Let i(x) = -2*x**2 + 5*x + 1. Let o(r) = 3*i(r) - 5*p(r). Calculate o(z).
-2
Suppose 2*d = u - 6, -5*d + 4*u - 21 = -3. Suppose 0*o - 25 = -5*o. Let a(c) = 4*c**3 + 2*c + 0*c + 0*c**3 + 3 - o*c**3 - 2*c**2. What is a(d)?
-1
Let t(x) = -8*x**3 - 2*x + 3*x**3 - 4*x**3 + x. What is t(1)?
-10
Let p(a) = -a**2 + 7*a + 3. Suppose -b - 5*t - 8 + 41 = 0, -5*b = 2*t - 50. Calculate p(b).
-5
Let m(a) = a - 7. Let l be m(6). Let z = -1 - l. Let c(x) = x + 4. What is c(z)?
4
Let p(b) = b**2 + 5*b + 1. Suppose -2*g = g + 18. What is p(g)?
7
Suppose b + 24 = 3*v, -24 = 3*v - 6*v + 4*b. Let i = 5 - v. Let r(n) = n**2 + 2*n - 2. Calculate r(i).
1
Suppose 4*o + 8 = 0, -6*o - 19 = 3*q - o. Let f(z) = z + 4. What is f(q)?
1
Suppose -8*c + 10 = -6*c. Let k(f) = -f**3 + 4*f**2 + 6*f - 3. Determine k(c).
2
Let f be (-1 - 2 - 3) + -1. Let s(x) = x**3 + 6*x**2 - 5*x + 6. Calculate s(f).
-8
Let c(j) = -j. Let l(a) = -a**2 - a - 3. Let k(o) = 2*c(o) + l(o). Give k(-3).
-3
Let u(g) = -g + 2. Let f be -1 + (-18)/(-30)*5. Determine u(f).
0
Let m(n) = 0*n**2 - 2*n + 1 - n**2 + 2*n**2 - 2*n. Suppose -10 = 3*t - 5*p, -2*p + 25 = 3*p. What is m(t)?
6
Let f(z) = -6*z + 2*z + 3*z - 3*z. Calculate f(1).
-4
Let l(v) = -v**2 - v + 1. Let m(k) = -7*k**2 - 5*k + 4. Let i(f) = -6*l(f) + m(f). What is i(2)?
-4
Suppose 2*i + 8 = -8. Let b(j) = -5*j - 4. Let z(g) = 14*g + 11. Let v(l) = i*b(l) - 3*z(l). Determine v(2).
-5
Let g(i) = -3*i. Let p(u) = -3*u - 3. Let x be p(-4). Suppose 3*c - f - 2*f - x = 0, 0 = -4*c + 2*f + 12. Determine g(c).
-9
Suppose -4*q + 5*t - 24 = 0, 0 = -4*t - 0*t + 16. Let w(r) = -4*r**3 - r - 1. Calculate w(q).
4
Let g(p) = p**3 + 5*p**2 + 2*p - 3. Let u(l) = -l**3 + 6*l**2 + 7*l + 2. Let i be u(7). Let c be (-1 - i) + 2 - 2. Calculate g(c).
9
Let y(n) = n**2 - 5*n - 3. Suppose -5*x + 4*i = -14, -5 + 3 = -3*x + 4*i. Let c be y(x). Let l(s) = 2*s - 1. Give l(c).
5
Let j(t) = 2*t**2 - 4*t. Suppose 0 = -4*l + 4*u + 116, -5*l + 2*u + 139 = -0*u. Let 